{"id":17,"date":"2023-07-25T13:37:04","date_gmt":"2023-07-25T13:37:04","guid":{"rendered":"https:\/\/www.6olog.dk\/?page_id=17"},"modified":"2023-07-25T13:49:54","modified_gmt":"2023-07-25T13:49:54","slug":"speciale","status":"publish","type":"page","link":"https:\/\/www.6olog.dk\/","title":{"rendered":"Speciale"},"content":{"rendered":"\n<p>Mit speciale p\u00e5 sexologstudiet var emnet tilbage til k\u00e6rlighedslivet efter f\u00f8dsel. <\/p>\n\n\n\n<p>Herudover arbejder jeg med:<\/p>\n\n\n\n<ul>\n<li>Parterapi<\/li>\n\n\n\n<li>Indl\u00e6g til veninderaften, polterabend etc.<\/li>\n<\/ul>\n","protected":false},"excerpt":{"rendered":"<p>Mit speciale p\u00e5 sexologstudiet var emnet tilbage til k\u00e6rlighedslivet efter f\u00f8dsel. Herudover arbejder jeg med:<\/p>\n","protected":false},"author":1,"featured_media":0,"parent":0,"menu_order":0,"comment_status":"closed","ping_status":"closed","template":"","meta":[],"_links":{"self":[{"href":"https:\/\/www.6olog.dk\/index.php\/wp-json\/wp\/v2\/pages\/17"}],"collection":[{"href":"https:\/\/www.6olog.dk\/index.php\/wp-json\/wp\/v2\/pages"}],"about":[{"href":"https:\/\/www.6olog.dk\/index.php\/wp-json\/wp\/v2\/types\/page"}],"author":[{"embeddable":true,"href":"https:\/\/www.6olog.dk\/index.php\/wp-json\/wp\/v2\/users\/1"}],"replies":[{"embeddable":true,"href":"https:\/\/www.6olog.dk\/index.php\/wp-json\/wp\/v2\/comments?post=17"}],"version-history":[{"count":3,"href":"https:\/\/www.6olog.dk\/index.php\/wp-json\/wp\/v2\/pages\/17\/revisions"}],"predecessor-version":[{"id":25,"href":"https:\/\/www.6olog.dk\/index.php\/wp-json\/wp\/v2\/pages\/17\/revisions\/25"}],"wp:attachment":[{"href":"https:\/\/www.6olog.dk\/index.php\/wp-json\/wp\/v2\/media?parent=17"}],"curies":[{"name":"wp","href":"https:\/\/api.w.org\/{rel}","templated":true}]}}